36 = -4191. What are the prime factors of q?
2, 11, 167
Let l be ((-2)/4*-1)/((-3)/(-18)). Suppose 4*n + d - 7 = 0, d - 3 = -l*n + 2. List the prime factors of 0 - (n/12 - 187/6).
31
Suppose -h = 4*n - 11099, 3*n - h + 636 - 8955 = 0. List the prime factors of n.
2, 19, 73
Let h be (-40)/20*(-42)/(-4). Let c be (-330)/(-70) - 6/h. Suppose 14*s - c*s = 837. List the prime factors of s.
3, 31
Let z(u) = 35*u**2 + 115*u - 102. What are the prime factors of z(16)?
2, 3, 1783
Let k(z) = 3367*z**2 + 91*z - 359. What are the prime factors of k(4)?
3, 17959
Suppose -946*b + 944*b = -42368. List the prime factors of b.
2, 331
Suppose 46*h - 42674 = -6288. What are the prime factors of h?
7, 113
Suppose -9 = -5*z + 1. Suppose 0 = 5*u - 694 - 286. Suppose z*d = 6*d - u. List the prime factors of d.
7
Let m = 176 + -73. Let h = 101 - m. What are the prime factors of -4 + h*(-15)/6 - -200?
3, 67
Let v(s) = -112*s - 2. Let a(n) = -2*n - 19. Let z be a(-16). Suppose z*i + 19 = -7. List the prime factors of v(i).
2, 3, 37
Suppose -133*u = -378*u + 51233 + 4547907. What are the prime factors of u?
2, 13, 19
What are the prime factors of 8/44 + (1 - 121128/(-22))?
5507
Let b = -64 + 35. Let h = b + 69. Let g = -14 + h. List the prime factors of g.
2, 13
Suppose 0*q + v = -5*q + 722, 2*v - 292 = -2*q. Suppose 0 = -3*r - r - q. Let n = r - -93. What are the prime factors of n?
3, 19
Suppose -3*x - 450 - 411 = z, -3*z = 5*x + 1431. What are the prime factors of 1 - (x - (-2 - -6))?
293
Let n(b) = -4*b**3 + 5*b**2 + 2*b + 2. Let c be n(5). Let g be c/(-6)*(-6)/(-3). Suppose 2*z + l = -4*l + 53, l = -5*z + g. What are the prime factors of z?
2, 3
Suppose -41*a - 11782 = 41*a - 84*a. What are the prime factors of a?
43, 137
Let u be 4 + -3 + (-2 - -6). Suppose 20 = -k + u*g, 4*g = k - 2*k + 16. Let y(j) = -2*j**2 + 3*j + 100. What are the prime factors of y(k)?
2, 5
Let o(b) = -4*b + 5*b - 15*b**2 + 13 + 10*b**2. Let k(i) = 3*i**2 - 6. Let p(m) = 5*k(m) + 2*o(m). What are the prime factors of p(5)?
131
Suppose v - 2*v - 3*z - 19 = 0, z = -3*v - 17. Let x be 4/(-3 + (0 - v)). Suppose 6 = -3*q, -2*k = x*q - 11 - 131. What are the prime factors of k?
3, 5
Let b(k) be the first derivative of k**2 - 23*k - 5. Let s be b(14). Suppose -40 = -s*x + 35. What are the prime factors of x?
3, 5
Suppose 31*x - 130772 = -5*a + 28*x, -2*x - 104644 = -4*a. List the prime factors of a.
2, 11, 29, 41
Let s = 104 + 208. Suppose n - s = -3*f, 4*n + n - 1465 = 4*f. What are the prime factors of n?
3, 11
Let b be (-10)/(-125)*-5 - (-134585)/25. Let v = b + -3475. List the prime factors of v.
2, 3, 53
List the prime factors of ((-1830684)/(-72) - 14) + 2/(-12).
2, 6353
Let n(x) = 13 - 15*x - 31 + 7005*x**2 - 29 - 6994*x**2. List the prime factors of n(-6).
439
Let b(z) = -z**3 + z**2 + 13*z - 13. Let x be b(7). Let v = x + 411. List the prime factors of v.
3, 5, 13
Let i = 37 - 35. Suppose i*l + x = -1, -8*l + 3*l = -5*x - 35. Suppose 5*h = -3*y + 6*h + 203, 3*h - 139 = -l*y. What are the prime factors of y?
2, 17
Suppose 218*d = 212*d + 12. Suppose -d*m - 9 = -57. What are the prime factors of m?
2, 3
Let l be -810 + 1 - (5 + 4 + -8). Let d = 2634 + l. What are the prime factors of d?
2, 3, 19
Let a(y) be the third derivative of -y**6/40 + y**5/60 + y**4/4 + 8*y**3/3 - 33*y**2. List the prime factors of a(-2).
2
Let f(d) = 3358*d**3 - 2*d**2 - 57*d + 58. List the prime factors of f(1).
3, 373
Suppose 0 = -b - 3, -2*b - 13291 = -2*f + 32865. List the prime factors of f.
5, 13, 71
Let q(i) = -i - 4. Suppose 2*k + 32 = -3*a, 6*a - 5*k + 12 = 2*a. Let b be q(a). Suppose 320 = b*c - 96. What are the prime factors of c?
2, 13
Let t(b) = b**3 + 2*b**2 - 7*b + 2. Let q be t(3). Let x be 204/q + (-4)/(-26). List the prime factors of (-447)/(-4) + x/32.
2, 7
Let x(t) = -7*t**2 + 31*t + 1. Let z be x(6). What are the prime factors of (-64246)/z + 3/5?
23, 43
Let k(g) = -404*g - 2964. List the prime factors of k(-41).
2, 5, 17
Suppose 0 = -s - 3, -5*s - 27 = -t - 3*t. Suppose -h = -q - 289, 5*h - 7*q - 1450 = -t*q. What are the prime factors of h?
2, 3, 7
Let y = -282 - -400. Suppose 0 = -3*b + 12, -5*b - 25 = 3*n + 135. Let g = n + y. List the prime factors of g.
2, 29
Let s(g) = 67*g + 23. Let b be 10/35 + (-132)/21. Let x be s(b). Let a = x + 545. What are the prime factors of a?
2, 83
Let c be -3*(-1 - 0)*10/6. Suppose 5*w = c*v + 5, -2 = w - 3*w + 4*v. What are the prime factors of -2 - ((-112)/10)/(w/10)?
2, 5, 11
Suppose -24*b - 168 = 96. What are the prime factors of (-126 - 132/b)/((-1)/13)?
2, 3, 13, 19
Let s(c) = c**2 - 8*c - 14. Suppose 33 = -0*v + 3*v. Let h be s(v). Suppose -21*i = -h*i - 188. List the prime factors of i.
2, 47
Suppose -11*c + 22*c = 55. Let x(i) be the first derivative of i**2/2 + 11*i - 2. List the prime factors of x(c).
2
Let f(a) = -a**3 - 18*a**2 - 6*a - 15. Let w be f(-18). Let r = w - 70. List the prime factors of r.
23
Let j be 19/2 + 4/(-8). Suppose 7*v - j*v + 6 = 0. Suppose v*q + 3*q = 96. List the prime factors of q.
2
Suppose -2*h = 5*a - 150, 3*a = -4*h + 6*h - 134. Suppose -h = r + z - 409, -4*r - 5*z = -1356. What are the prime factors of r?
3, 113
Suppose 1496 = 7*k - 5*k + 6*t, 3*t = -2*k + 1496. Let x = k - 278. List the prime factors of x.
2, 5, 47
Let w(b) = -122*b**3 - 8*b**2 - 16*b + 12. What are the prime factors of w(-5)?
2, 67, 113
Let t be 549/(-9) - (3 - 1). Let z = -62 - t. What are the prime factors of 70/z - (0 - 1)?
71
Suppose -10*t - 48 = -4*t. Let d be 2 + (-5)/2 - 20/t. Suppose q - 42 = d. List the prime factors of q.
2, 11
Let g = -451 - -456. Suppose -2*j + 20 = -6*j, -614 = -3*y + j. Suppose 3*i + 2*c - 127 = 0, c + 0*c + y = g*i. What are the prime factors of i?
41
Suppose -2*d - 30 = d. Let f be (-5)/((-30)/(-4))*45/d. Suppose -f*w - 4*c = -632, -2*w + 525 - 97 = -4*c. What are the prime factors of w?
2, 53
Let c(o) = -3*o - 4. Let u be c(-3). List the prime factors of (-9005)/(-35) + (30/(-21))/u.
257
Suppose 2*f + 48 - 44 = 0. Let x(g) = 2*g**2 + 5*g + 3. Let b be x(f). What are the prime factors of (b + 28 + (-2 - 2))/1?
5
Suppose 16 = -y + 3*y. Suppose -y*a - 3 - 5 = 0. What are the prime factors of 58 - a/(7/2 - 3)?
2, 3, 5
Suppose -48*s + 21*s = -99009. List the prime factors of s.
19, 193
Suppose -5*q - 5*b + 7*b + 85048 = 0, 3*q = -5*b + 51004. What are the prime factors of q?
2, 1063
Let t(z) = 27*z**2 - 8*z - 170. List the prime factors of t(19).
5, 13, 29
Let v(i) = 336*i + 27943. List the prime factors of v(0).
27943
Suppose -130812 = -2*x + s, 304*x - 308*x + s + 261620 = 0. List the prime factors of x.
2, 83, 197
Suppose -8*m = 8254 - 19750. What are the prime factors of m?
3, 479
List the prime factors of ((-115667)/115 + -9)/((-2 + -1)/30).
2, 43, 59
Suppose -2*n = 5*g - 659, -5*g + 654 = 2*n - g. Suppose -13*m = -294 - n. What are the prime factors of m?
47
Let u be (-17)/((-51)/480) - -5. Let h = u - 11. What are the prime factors of h?
2, 7, 11
Let q = 30 - 18. Suppose -2*x - 4*x + q = 0. Suppose -23 = -x*j + 11. What are the prime factors of j?
17
Let s(v) = -3*v**3 - 5*v**2 + 21*v + 11. What are the prime factors of s(-4)?
3, 13
Suppose 21*i = 18*i + 180. Suppose f = -4*f - x + i, 4*f = 3*x + 48. What are the prime factors of f/15*110/4?
2, 11
Suppose -5*v + 10 = -5. Suppose 2*l - 698 = -3*r, 2*l + v*l - 4*r = 1745. What are the prime factors of l?
349
Suppose -696*d + 665*d = -6293. What are the prime factors of d?
7, 29
Suppose 0 = 11*y - 42*y + 3658. Let r be (5/2)/((-1)/(-2)). Suppose 0 = -4*n - 3*j + 76, -j + y = r*n - 3*j. What are the prime factors of n?
2, 11
Let f be 4/(-10) + (-256)/(-40). Suppose -f*w + 492 = -4*w. Suppose -h = -3*r - 127, 4*r + w = -2*h + 4*h. What are the prime factors of h?
5, 23
Let s = 650 - 1612. Let t = 2093 + s. What are the prime factors of t?
3, 13, 29
Let j(s) be the third derivative of 73*s**4/8 - 13*s**3/3 + 18*s**2. Let k be j(5). Suppose 3 + 1 = o, o = -5*r + k. List the prime factors of r.
3, 71
Let b(f) = 2*f**3 - 9*f**2 - 11*f + 22. Let k = -503 + 511. What are the prime factors of b(k)?
2, 191
Let q be 6 + ((-8)/20 - 6/10). Suppose -2*l + q*k + 195 = 46, -l = -k - 73. Suppose -f = -3*v - 14 - 10, -3*f + 5*v = -l. List the prime factors of f.
2, 3
Let a = 4674 